{"id":1508,"date":"2011-06-01T08:45:00","date_gmt":"2011-06-01T08:45:00","guid":{"rendered":"https:\/\/www.biovertix.com\/dt_testimonials\/eva-guibernau-aina-paola-laura-i-enric-sagrera-sant-cugat-del-valles\/"},"modified":"2021-09-29T13:07:04","modified_gmt":"2021-09-29T13:07:04","slug":"eva-guibernau-aina-paola-laura-i-enric-sagrera-sant-cugat-del-valles","status":"publish","type":"dt_testimonials","link":"https:\/\/www.biovertix.com\/ca\/dt_testimonials\/eva-guibernau-aina-paola-laura-i-enric-sagrera-sant-cugat-del-valles\/","title":{"rendered":"Eva Guibernau, Aina, Paola Laura i Enric Sagrera,  Sant Cugat del Vall\u00e9s"},"content":{"rendered":"<p>Nom\u00e9s podem tenir paraules d&#8217;agra\u00efment, respecte i admiraci\u00f3 per l&#8217;Angela ara i sempre. Quan em van comen\u00e7ar els dolors d&#8217;esquena, la gent al meu voltant deia que era normal (edat, estr\u00e8s, les nenes, la feina&#8230;). Per\u00f2 el meu primer contacte amb l&#8217;Angela va ser per la meva filla (pensava que jo no tenia soluci\u00f3!).<\/p>\n<p>Arrel de portar la meva filla, v\u00e0rem comen\u00e7ar a venir tota la fam\u00edlia i aix\u00f2 ha significat resoldre tots els problemes que hem tingut relacionats amb els dolors d&#8217;esquena, dolors musculars i moltes altres coses que hem anat aprenent al llarg d&#8217;aquests anys.<\/p>\n<p>El que m\u00e9s m&#8217;agrada, a part de resoldre el dolor, \u00e9s tot el temps que hem anat aprenent de la doctora i del personal del centre. Veure que el pacient \u00e9s un tot i no un conjunt de membres i \u00f2rgans, que \u00e9s una persona i no un malalt, no \u00e9s molt freq\u00fcent en la medicina avui dia. Sempre comptem amb l&#8217;Angela, i les meves filles, quan fa massa temps que no la visitem, em demanen que les porti perqu\u00e8 necessiten un reajust!<\/p>\n<p>Mil gr\u00e0cies per tot a l&#8217;Angela i a tot el personal del centre.<\/p>\n","protected":false},"excerpt":{"rendered":"<p>Nom\u00e9s podem tenir paraules d&#8217;agra\u00efment, respecte i admiraci\u00f3 per l&#8217;Angela ara i sempre. Quan em van comen\u00e7ar els dolors d&#8217;esquena, la gent al meu voltant deia que era normal (edat, estr\u00e8s, les nenes, la feina&#8230;). Per\u00f2 el meu primer contacte amb l&#8217;Angela va ser per la meva filla (pensava que jo no tenia soluci\u00f3!). Arrel&hellip;<\/p>\n","protected":false},"featured_media":0,"template":"","dt_testimonials_category":[],"class_list":["post-1508","dt_testimonials","type-dt_testimonials","status-publish","hentry","description-off"],"yoast_head":"<!-- This site is optimized with the Yoast SEO plugin v27.4 - https:\/\/yoast.com\/product\/yoast-seo-wordpress\/ -->\n<title>Eva Guibernau, Aina, Paola Laura i Enric Sagrera, Sant Cugat del Vall\u00e9s - Biovertix - Centro de salud integral.<\/title>\n<meta name=\"robots\" content=\"index, follow, max-snippet:-1, max-image-preview:large, max-video-preview:-1\" \/>\n<link rel=\"canonical\" href=\"https:\/\/www.biovertix.com\/ca\/dt_testimonials\/eva-guibernau-aina-paola-laura-i-enric-sagrera-sant-cugat-del-valles\/\" \/>\n<meta property=\"og:locale\" content=\"ca_ES\" \/>\n<meta property=\"og:type\" content=\"article\" \/>\n<meta property=\"og:title\" content=\"Eva Guibernau, Aina, Paola Laura i Enric Sagrera, Sant Cugat del Vall\u00e9s - Biovertix - Centro de salud integral.\" \/>\n<meta property=\"og:description\" content=\"Nom\u00e9s podem tenir paraules d&#8217;agra\u00efment, respecte i admiraci\u00f3 per l&#8217;Angela ara i sempre. Quan em van comen\u00e7ar els dolors d&#8217;esquena, la gent al meu voltant deia que era normal (edat, estr\u00e8s, les nenes, la feina&#8230;). Per\u00f2 el meu primer contacte amb l&#8217;Angela va ser per la meva filla (pensava que jo no tenia soluci\u00f3!). Arrel&hellip;\" \/>\n<meta property=\"og:url\" content=\"https:\/\/www.biovertix.com\/ca\/dt_testimonials\/eva-guibernau-aina-paola-laura-i-enric-sagrera-sant-cugat-del-valles\/\" \/>\n<meta property=\"og:site_name\" content=\"Biovertix - Centro de salud integral.\" \/>\n<meta property=\"article:publisher\" content=\"https:\/\/www.facebook.com\/doctoraolaru\" \/>\n<meta property=\"article:modified_time\" content=\"2021-09-29T13:07:04+00:00\" \/>\n<meta name=\"twitter:card\" content=\"summary_large_image\" \/>\n<meta name=\"twitter:label1\" content=\"Temps estimat de lectura\" \/>\n\t<meta name=\"twitter:data1\" content=\"1 minut\" \/>\n<script type=\"application\/ld+json\" class=\"yoast-schema-graph\">{\"@context\":\"https:\\\/\\\/schema.org\",\"@graph\":[{\"@type\":\"WebPage\",\"@id\":\"https:\\\/\\\/www.biovertix.com\\\/ca\\\/dt_testimonials\\\/eva-guibernau-aina-paola-laura-i-enric-sagrera-sant-cugat-del-valles\\\/\",\"url\":\"https:\\\/\\\/www.biovertix.com\\\/ca\\\/dt_testimonials\\\/eva-guibernau-aina-paola-laura-i-enric-sagrera-sant-cugat-del-valles\\\/\",\"name\":\"Eva Guibernau, Aina, Paola Laura i Enric Sagrera, Sant Cugat del Vall\u00e9s - Biovertix - Centro de salud integral.\",\"isPartOf\":{\"@id\":\"https:\\\/\\\/www.biovertix.com\\\/#website\"},\"datePublished\":\"2011-06-01T08:45:00+00:00\",\"dateModified\":\"2021-09-29T13:07:04+00:00\",\"breadcrumb\":{\"@id\":\"https:\\\/\\\/www.biovertix.com\\\/ca\\\/dt_testimonials\\\/eva-guibernau-aina-paola-laura-i-enric-sagrera-sant-cugat-del-valles\\\/#breadcrumb\"},\"inLanguage\":\"ca\",\"potentialAction\":[{\"@type\":\"ReadAction\",\"target\":[\"https:\\\/\\\/www.biovertix.com\\\/ca\\\/dt_testimonials\\\/eva-guibernau-aina-paola-laura-i-enric-sagrera-sant-cugat-del-valles\\\/\"]}]},{\"@type\":\"BreadcrumbList\",\"@id\":\"https:\\\/\\\/www.biovertix.com\\\/ca\\\/dt_testimonials\\\/eva-guibernau-aina-paola-laura-i-enric-sagrera-sant-cugat-del-valles\\\/#breadcrumb\",\"itemListElement\":[{\"@type\":\"ListItem\",\"position\":1,\"name\":\"Portada\",\"item\":\"https:\\\/\\\/www.biovertix.com\\\/ca\\\/inicio\\\/\"},{\"@type\":\"ListItem\",\"position\":2,\"name\":\"Testimonios\",\"item\":\"https:\\\/\\\/www.biovertix.com\\\/dt_testimonials\\\/\"},{\"@type\":\"ListItem\",\"position\":3,\"name\":\"Eva Guibernau, Aina, Paola Laura i Enric Sagrera, Sant Cugat del Vall\u00e9s\"}]},{\"@type\":\"WebSite\",\"@id\":\"https:\\\/\\\/www.biovertix.com\\\/#website\",\"url\":\"https:\\\/\\\/www.biovertix.com\\\/\",\"name\":\"Biovertix - Centro de salud integral.\",\"description\":\"Salud integrativa y quiropr\u00e1ctica en Barcelona\",\"publisher\":{\"@id\":\"https:\\\/\\\/www.biovertix.com\\\/#organization\"},\"potentialAction\":[{\"@type\":\"SearchAction\",\"target\":{\"@type\":\"EntryPoint\",\"urlTemplate\":\"https:\\\/\\\/www.biovertix.com\\\/?s={search_term_string}\"},\"query-input\":{\"@type\":\"PropertyValueSpecification\",\"valueRequired\":true,\"valueName\":\"search_term_string\"}}],\"inLanguage\":\"ca\"},{\"@type\":\"Organization\",\"@id\":\"https:\\\/\\\/www.biovertix.com\\\/#organization\",\"name\":\"Biovertix - Centro de salud integral.\",\"url\":\"https:\\\/\\\/www.biovertix.com\\\/\",\"logo\":{\"@type\":\"ImageObject\",\"inLanguage\":\"ca\",\"@id\":\"https:\\\/\\\/www.biovertix.com\\\/#\\\/schema\\\/logo\\\/image\\\/\",\"url\":\"https:\\\/\\\/www.biovertix.com\\\/wp-content\\\/uploads\\\/2021\\\/07\\\/biovertix-retina.png\",\"contentUrl\":\"https:\\\/\\\/www.biovertix.com\\\/wp-content\\\/uploads\\\/2021\\\/07\\\/biovertix-retina.png\",\"width\":364,\"height\":170,\"caption\":\"Biovertix - Centro de salud integral.\"},\"image\":{\"@id\":\"https:\\\/\\\/www.biovertix.com\\\/#\\\/schema\\\/logo\\\/image\\\/\"},\"sameAs\":[\"https:\\\/\\\/www.facebook.com\\\/doctoraolaru\"]}]}<\/script>\n<!-- \/ Yoast SEO plugin. -->","yoast_head_json":{"title":"Eva Guibernau, Aina, Paola Laura i Enric Sagrera, Sant Cugat del Vall\u00e9s - Biovertix - Centro de salud integral.","robots":{"index":"index","follow":"follow","max-snippet":"max-snippet:-1","max-image-preview":"max-image-preview:large","max-video-preview":"max-video-preview:-1"},"canonical":"https:\/\/www.biovertix.com\/ca\/dt_testimonials\/eva-guibernau-aina-paola-laura-i-enric-sagrera-sant-cugat-del-valles\/","og_locale":"ca_ES","og_type":"article","og_title":"Eva Guibernau, Aina, Paola Laura i Enric Sagrera, Sant Cugat del Vall\u00e9s - Biovertix - Centro de salud integral.","og_description":"Nom\u00e9s podem tenir paraules d&#8217;agra\u00efment, respecte i admiraci\u00f3 per l&#8217;Angela ara i sempre. Quan em van comen\u00e7ar els dolors d&#8217;esquena, la gent al meu voltant deia que era normal (edat, estr\u00e8s, les nenes, la feina&#8230;). Per\u00f2 el meu primer contacte amb l&#8217;Angela va ser per la meva filla (pensava que jo no tenia soluci\u00f3!). Arrel&hellip;","og_url":"https:\/\/www.biovertix.com\/ca\/dt_testimonials\/eva-guibernau-aina-paola-laura-i-enric-sagrera-sant-cugat-del-valles\/","og_site_name":"Biovertix - Centro de salud integral.","article_publisher":"https:\/\/www.facebook.com\/doctoraolaru","article_modified_time":"2021-09-29T13:07:04+00:00","twitter_card":"summary_large_image","twitter_misc":{"Temps estimat de lectura":"1 minut"},"schema":{"@context":"https:\/\/schema.org","@graph":[{"@type":"WebPage","@id":"https:\/\/www.biovertix.com\/ca\/dt_testimonials\/eva-guibernau-aina-paola-laura-i-enric-sagrera-sant-cugat-del-valles\/","url":"https:\/\/www.biovertix.com\/ca\/dt_testimonials\/eva-guibernau-aina-paola-laura-i-enric-sagrera-sant-cugat-del-valles\/","name":"Eva Guibernau, Aina, Paola Laura i Enric Sagrera, Sant Cugat del Vall\u00e9s - Biovertix - Centro de salud integral.","isPartOf":{"@id":"https:\/\/www.biovertix.com\/#website"},"datePublished":"2011-06-01T08:45:00+00:00","dateModified":"2021-09-29T13:07:04+00:00","breadcrumb":{"@id":"https:\/\/www.biovertix.com\/ca\/dt_testimonials\/eva-guibernau-aina-paola-laura-i-enric-sagrera-sant-cugat-del-valles\/#breadcrumb"},"inLanguage":"ca","potentialAction":[{"@type":"ReadAction","target":["https:\/\/www.biovertix.com\/ca\/dt_testimonials\/eva-guibernau-aina-paola-laura-i-enric-sagrera-sant-cugat-del-valles\/"]}]},{"@type":"BreadcrumbList","@id":"https:\/\/www.biovertix.com\/ca\/dt_testimonials\/eva-guibernau-aina-paola-laura-i-enric-sagrera-sant-cugat-del-valles\/#breadcrumb","itemListElement":[{"@type":"ListItem","position":1,"name":"Portada","item":"https:\/\/www.biovertix.com\/ca\/inicio\/"},{"@type":"ListItem","position":2,"name":"Testimonios","item":"https:\/\/www.biovertix.com\/dt_testimonials\/"},{"@type":"ListItem","position":3,"name":"Eva Guibernau, Aina, Paola Laura i Enric Sagrera, Sant Cugat del Vall\u00e9s"}]},{"@type":"WebSite","@id":"https:\/\/www.biovertix.com\/#website","url":"https:\/\/www.biovertix.com\/","name":"Biovertix - Centro de salud integral.","description":"Salud integrativa y quiropr\u00e1ctica en Barcelona","publisher":{"@id":"https:\/\/www.biovertix.com\/#organization"},"potentialAction":[{"@type":"SearchAction","target":{"@type":"EntryPoint","urlTemplate":"https:\/\/www.biovertix.com\/?s={search_term_string}"},"query-input":{"@type":"PropertyValueSpecification","valueRequired":true,"valueName":"search_term_string"}}],"inLanguage":"ca"},{"@type":"Organization","@id":"https:\/\/www.biovertix.com\/#organization","name":"Biovertix - Centro de salud integral.","url":"https:\/\/www.biovertix.com\/","logo":{"@type":"ImageObject","inLanguage":"ca","@id":"https:\/\/www.biovertix.com\/#\/schema\/logo\/image\/","url":"https:\/\/www.biovertix.com\/wp-content\/uploads\/2021\/07\/biovertix-retina.png","contentUrl":"https:\/\/www.biovertix.com\/wp-content\/uploads\/2021\/07\/biovertix-retina.png","width":364,"height":170,"caption":"Biovertix - Centro de salud integral."},"image":{"@id":"https:\/\/www.biovertix.com\/#\/schema\/logo\/image\/"},"sameAs":["https:\/\/www.facebook.com\/doctoraolaru"]}]}},"_links":{"self":[{"href":"https:\/\/www.biovertix.com\/ca\/wp-json\/wp\/v2\/dt_testimonials\/1508","targetHints":{"allow":["GET"]}}],"collection":[{"href":"https:\/\/www.biovertix.com\/ca\/wp-json\/wp\/v2\/dt_testimonials"}],"about":[{"href":"https:\/\/www.biovertix.com\/ca\/wp-json\/wp\/v2\/types\/dt_testimonials"}],"wp:attachment":[{"href":"https:\/\/www.biovertix.com\/ca\/wp-json\/wp\/v2\/media?parent=1508"}],"wp:term":[{"taxonomy":"dt_testimonials_category","embeddable":true,"href":"https:\/\/www.biovertix.com\/ca\/wp-json\/wp\/v2\/dt_testimonials_category?post=1508"}],"curies":[{"name":"wp","href":"https:\/\/api.w.org\/{rel}","templated":true}]}}

Eva Guibernau, Aina, Paola Laura i Enric Sagrera,  Sant Cugat del Vallés

<p>Només podem tenir paraules d&#8217;agraïment, respecte i admiració per l&#8217;Angela ara i sempre. Quan em van començar els dolors d&#8217;esquena, la gent al meu voltant deia que era normal (edat, estrès, les nenes, la feina&#8230;). Però el meu primer contacte amb l&#8217;Angela va ser per la meva filla (pensava que jo no tenia solució!).</p>
<p>Arrel de portar la meva filla, vàrem començar a venir tota la família i això ha significat resoldre tots els problemes que hem tingut relacionats amb els dolors d&#8217;esquena, dolors musculars i moltes altres coses que hem anat aprenent al llarg d&#8217;aquests anys.</p>
<p>El que més m&#8217;agrada, a part de resoldre el dolor, és tot el temps que hem anat aprenent de la doctora i del personal del centre. Veure que el pacient és un tot i no un conjunt de membres i òrgans, que és una persona i no un malalt, no és molt freqüent en la medicina avui dia. Sempre comptem amb l&#8217;Angela, i les meves filles, quan fa massa temps que no la visitem, em demanen que les porti perquè necessiten un reajust!</p>
<p>Mil gràcies per tot a l&#8217;Angela i a tot el personal del centre.</p>

<p>Només podem tenir paraules d&#8217;agraïment, respecte i admiració per l&#8217;Angela ara i sempre. Quan em van començar els dolors d&#8217;esquena, la gent al meu voltant deia que era normal (edat, estrès, les nenes, la feina&#8230;). Però el meu primer contacte amb l&#8217;Angela va ser per la meva filla (pensava que jo no tenia solució!). Arrel&hellip;</p>

<!-- This site is optimized with the Yoast SEO plugin v27.4 - https://yoast.com/product/yoast-seo-wordpress/ -->
<title>Eva Guibernau, Aina, Paola Laura i Enric Sagrera, Sant Cugat del Vallés - Biovertix - Centro de salud integral.</title>
<meta name="robots" content="index, follow, max-snippet:-1, max-image-preview:large, max-video-preview:-1" />
<link rel="canonical" href="https://www.biovertix.com/ca/dt_testimonials/eva-guibernau-aina-paola-laura-i-enric-sagrera-sant-cugat-del-valles/" />
<meta property="og:locale" content="ca_ES" />
<meta property="og:type" content="article" />
<meta property="og:title" content="Eva Guibernau, Aina, Paola Laura i Enric Sagrera, Sant Cugat del Vallés - Biovertix - Centro de salud integral." />
<meta property="og:description" content="Només podem tenir paraules d&#8217;agraïment, respecte i admiració per l&#8217;Angela ara i sempre. Quan em van començar els dolors d&#8217;esquena, la gent al meu voltant deia que era normal (edat, estrès, les nenes, la feina&#8230;). Però el meu primer contacte amb l&#8217;Angela va ser per la meva filla (pensava que jo no tenia solució!). Arrel&hellip;" />
<meta property="og:url" content="https://www.biovertix.com/ca/dt_testimonials/eva-guibernau-aina-paola-laura-i-enric-sagrera-sant-cugat-del-valles/" />
<meta property="og:site_name" content="Biovertix - Centro de salud integral." />
<meta property="article:publisher" content="https://www.facebook.com/doctoraolaru" />
<meta property="article:modified_time" content="2021-09-29T13:07:04+00:00" />
<meta name="twitter:card" content="summary_large_image" />
<meta name="twitter:label1" content="Temps estimat de lectura" />
	<meta name="twitter:data1" content="1 minut" />
<script type="application/ld+json" class="yoast-schema-graph">{"@context":"https:\/\/schema.org","@graph":[{"@type":"WebPage","@id":"https:\/\/www.biovertix.com\/ca\/dt_testimonials\/eva-guibernau-aina-paola-laura-i-enric-sagrera-sant-cugat-del-valles\/","url":"https:\/\/www.biovertix.com\/ca\/dt_testimonials\/eva-guibernau-aina-paola-laura-i-enric-sagrera-sant-cugat-del-valles\/","name":"Eva Guibernau, Aina, Paola Laura i Enric Sagrera, Sant Cugat del Vallés - Biovertix - Centro de salud integral.","isPartOf":{"@id":"https:\/\/www.biovertix.com\/#website"},"datePublished":"2011-06-01T08:45:00+00:00","dateModified":"2021-09-29T13:07:04+00:00","breadcrumb":{"@id":"https:\/\/www.biovertix.com\/ca\/dt_testimonials\/eva-guibernau-aina-paola-laura-i-enric-sagrera-sant-cugat-del-valles\/#breadcrumb"},"inLanguage":"ca","potentialAction":[{"@type":"ReadAction","target":["https:\/\/www.biovertix.com\/ca\/dt_testimonials\/eva-guibernau-aina-paola-laura-i-enric-sagrera-sant-cugat-del-valles\/"]}]},{"@type":"BreadcrumbList","@id":"https:\/\/www.biovertix.com\/ca\/dt_testimonials\/eva-guibernau-aina-paola-laura-i-enric-sagrera-sant-cugat-del-valles\/#breadcrumb","itemListElement":[{"@type":"ListItem","position":1,"name":"Portada","item":"https:\/\/www.biovertix.com\/ca\/inicio\/"},{"@type":"ListItem","position":2,"name":"Testimonios","item":"https:\/\/www.biovertix.com\/dt_testimonials\/"},{"@type":"ListItem","position":3,"name":"Eva Guibernau, Aina, Paola Laura i Enric Sagrera, Sant Cugat del Vallés"}]},{"@type":"WebSite","@id":"https:\/\/www.biovertix.com\/#website","url":"https:\/\/www.biovertix.com\/","name":"Biovertix - Centro de salud integral.","description":"Salud integrativa y quiropráctica en Barcelona","publisher":{"@id":"https:\/\/www.biovertix.com\/#organization"},"potentialAction":[{"@type":"SearchAction","target":{"@type":"EntryPoint","urlTemplate":"https:\/\/www.biovertix.com\/?s={search_term_string}"},"query-input":{"@type":"PropertyValueSpecification","valueRequired":true,"valueName":"search_term_string"}}],"inLanguage":"ca"},{"@type":"Organization","@id":"https:\/\/www.biovertix.com\/#organization","name":"Biovertix - Centro de salud integral.","url":"https:\/\/www.biovertix.com\/","logo":{"@type":"ImageObject","inLanguage":"ca","@id":"https:\/\/www.biovertix.com\/#\/schema\/logo\/image\/","url":"https:\/\/www.biovertix.com\/wp-content\/uploads\/2021\/07\/biovertix-retina.png","contentUrl":"https:\/\/www.biovertix.com\/wp-content\/uploads\/2021\/07\/biovertix-retina.png","width":364,"height":170,"caption":"Biovertix - Centro de salud integral."},"image":{"@id":"https:\/\/www.biovertix.com\/#\/schema\/logo\/image\/"},"sameAs":["https:\/\/www.facebook.com\/doctoraolaru"]}]}</script>
<!-- / Yoast SEO plugin. -->

Eva Guibernau, Aina, Paola Laura i Enric Sagrera, Sant Cugat del Vallés - Biovertix - Centro de salud integral.

Només podem tenir paraules d&#8217;agraïment, respecte i admiració per l&#8217;Angela ara i sempre. Quan em van començar els dolors d&#8217;esquena, la gent al meu voltant deia que era normal (edat, estrès, les nenes, la feina&#8230;). Però el meu primer contacte amb l&#8217;Angela va ser per la meva filla (pensava que jo no tenia solució!). Arrel&hellip;

Eva Guibernau, Aina, Paola Laura i Enric Sagrera, Sant Cugat del Vallés

Salud integrativa y quiropráctica en Barcelona
